c) = 4*c**2 - 66*c + 21. Determine f(17).
55
Let q(i) = -2*i**3 - 40*i**2 + 36*i - 12. Determine q(-21).
114
Let k(f) = f**3 - 134*f**2 - 1140*f + 497. Determine k(142).
-71
Let r(x) = -12*x - 182. Calculate r(-26).
130
Let a(l) = 110*l + 1428. What is a(-13)?
-2
Let g(c) = 2*c**2 + 461*c + 3127. Give g(-7).
-2
Let h(u) = 77*u + 1050. Calculate h(-14).
-28
Let p(c) = c**2 - 84*c + 1624. Give p(30).
4
Let i(o) = -175*o - 2630. Calculate i(-15).
-5
Let r(b) = -2*b - 330. What is r(-28)?
-274
Let a(g) = 2*g**2 - 26*g - 410. What is a(22)?
-14
Let l(g) = 174*g + 5553. Calculate l(-32).
-15
Let i(d) = 180*d + 1223. Determine i(-7).
-37
Let a(x) = -37*x - 277. Calculate a(-7).
-18
Let y(k) = 2*k**2 + 61*k + 187. Determine y(-27).
-2
Let l(d) = -88*d + 674. What is l(10)?
-206
Let y(d) = 4*d - 324. Give y(39).
-168
Let i(b) = -231*b + 28182. What is i(122)?
0
Let y(k) = k**2 - 21*k - 240. Calculate y(-8).
-8
Let k(g) = g**2 - 10*g - 122. Calculate k(-8).
22
Let z(m) = -m**3 + 5*m**2 + 13*m - 65. Calculate z(9).
-272
Let v(u) = u**2 - 436*u - 149613. What is v(-226)?
-1
Let f(b) = b**3 - 16*b**2 + 37*b - 85. Calculate f(14).
41
Let k(z) = -7*z**3 + 12*z**2 + 10*z - 3. Calculate k(-1).
6
Let a(z) = z**3 - 94*z**2 - 286*z - 405. Calculate a(97).
80
Let j(q) = -2*q**2 + 61*q + 428. Calculate j(37).
-53
Let l(f) = -16*f + 122. What is l(22)?
-230
Let n(b) = 7*b**2 + 95*b - 1050. Give n(7).
-42
Let r(i) = -2*i**3 - 41*i**2 + 72*i - 76. Give r(-22).
-208
Let a(x) = x**3 - 156*x**2 + 1317*x + 884. Determine a(147).
2
Let g(d) = -d**2 + 7*d - 43. What is g(13)?
-121
Let t(r) = 32*r - 12. Calculate t(1).
20
Let p(x) = x**2 + 97*x + 2047. Give p(-31).
1
Let s(v) = 57*v**2 + 61*v - 123. Calculate s(2).
227
Let z(c) = c**3 - 12*c**2 + 72*c - 522. What is z(10)?
-2
Let g(l) = 60*l**2 + 30*l - 34. What is g(1)?
56
Let k(x) = -123*x**2 - 13*x + 14. Calculate k(2).
-504
Let x(q) = 3*q**3 - 38*q**2 - 96*q - 30. Give x(-2).
-14
Let k(t) = -t**3 + 23*t**2 - 75*t + 297. Calculate k(20).
-3
Let r(f) = 1196*f - 2379. Give r(2).
13
Let h(y) = -6*y - 167. What is h(-31)?
19
Let o(y) = -74*y**2 + y - 6. What is o(2)?
-300
Let u(h) = 5929*h - 100791. Give u(17).
2
Let p(z) = -z**2 + 31*z + 226. Determine p(38).
-40
Let f(s) = 11*s**2 - 234*s + 44. Give f(21).
-19
Let k(g) = -g**3 + 82*g**2 - 151*g - 719. Calculate k(80).
1
Let f(q) = 30*q + 863. What is f(-29)?
-7
Let j(i) = 3*i**3 + 19*i**2 - 9. Give j(-6).
27
Let g(q) = q**3 - 19*q**2 + 40*q - 5. Determine g(15).
-305
Let n(i) = 105*i - 469. Calculate n(3).
-154
Let a(s) = s**3 - 42*s**2 - 234*s - 36. Determine a(47).
11
Let b(i) = i**3 + 51*i**2 - 295*i - 4122. Determine b(-55).
3
Let n(t) = -2*t**2 - 1525*t + 6126. Determine n(4).
-6
Let n(u) = 6*u**2 - 381*u + 203. What is n(63)?
14
Let a(w) = w**3 - 194*w**2 - 3. What is a(194)?
-3
Let q(k) = -186*k + 7603. Give q(41).
-23
Let o(j) = 3*j**3 - 36*j**2 + 71*j + 27. Give o(3).
-3
Let g(k) = -62*k**2 - 1175*k - 1064. Determine g(-18).
-2
Let x(h) = -3*h**2 + 7*h + 3. What is x(-7)?
-193
Let g(v) = 18*v + 1178. Determine g(-54).
206
Let q(f) = -4*f**2 + 148*f + 271. Determine q(39).
-41
Let d(p) = -2*p**3 - 3*p**2 - 17*p + 216. Determine d(0).
216
Let l(j) = 32*j - 769. Determine l(21).
-97
Let t(k) = -169*k - 5032. What is t(-26)?
-638
Let a(t) = t**2 + 9*t + 136. Determine a(-12).
172
Let u(r) = -4459*r + 4419. Calculate u(1).
-40
Let w(i) = -i - 31. What is w(18)?
-49
Let z(k) = 2*k**3 - 114*k**2 - 240*k + 231. Give z(59).
-5
Let j(m) = m**3 - 10*m**2 - 21*m - 43. Calculate j(12).
-7
Let l(s) = -s**3 + 44*s**2 - 124*s + 85. Give l(41).
44
Let v(i) = -74*i - 1244. Give v(-20).
236
Let h(d) = d**2 - 22*d - 3. Give h(0).
-3
Let r(c) = 4606*c - 64479. Calculate r(14).
5
Let m(j) = -7*j + 21. Calculate m(-13).
112
Let a(j) = 12*j - 111. Determine a(8).
-15
Let h(u) = 2*u**2 + 20*u - 45. What is h(-11)?
-23
Let l(w) = 63*w - 213. Calculate l(4).
39
Let g(v) = 2*v**2 - 155*v - 1700. Give g(87).
-47
Let l(j) = 33*j - 11. What is l(-1)?
-44
Let v(x) = -41*x**2 + 156*x + 12. What is v(4)?
-20
Let i(f) = f**2 + 57*f + 342. Determine i(-50).
-8
Let j(u) = u**3 + 20*u**2 + 26*u - 265. What is j(-5)?
-20
Let c(s) = -91*s - 641. What is c(-7)?
-4
Let d(x) = 330*x - 1962. Give d(6).
18
Let m(w) = 4*w**2 - 635*w - 115. Determine m(159).
44
Let i(d) = -d**2 + 60*d + 2. Determine i(0).
2
Let o(w) = 81*w - 1278. Calculate o(16).
18
Let u(a) = -12*a**2 - 480*a + 31. Determine u(-40).
31
Let d(x) = x**3 + 85*x**2 + 400*x + 6. Determine d(-80).
6
Let j(t) = 4*t**2 - 184*t + 672. Give j(42).
0
Let p(h) = -h**2 - 25*h + 73. What is p(-28)?
-11
Let f(r) = 151*r - 3649. What is f(24)?
-25
Let x(t) = 8*t**2 + 128*t - 39. What is x(-16)?
-39
Let r(a) = -a**2 - 55*a + 224. Give r(4).
-12
Let k(c) = 2*c**3 - 60. Calculate k(0).
-60
Let i(c) = -c**2 + 30*c - 189. Give i(9).
0
Let j(o) = 2*o**3 + 73*o**2 + 106*o + 19. What is j(-35)?
-16
Let h(d) = -d**2 + 14*d + 213. Determine h(-13).
-138
Let w(x) = x**2 - 34*x - 457. Determine w(43).
-70
Let d(g) = -370*g + 620. Give d(2).
-120
Let s(z) = 71*z + 3549. Give s(-50).
-1
Let h(j) = -190*j**2 + 15*j - 15. Give h(1).
-190
Let w(t) = t**3 - 8*t**2 - 3*t - 9. What is w(7)?
-79
Let o(d) = d**3 + 2*d**2 - 24*d - 48. Give o(0).
-48
Let d(s) = s + 13. Determine d(0).
13
Let y(x) = x**2 - x - 36. Calculate y(11).
74
Let r(k) = -3*k**2 + 67*k - 24. Determine r(27).
-402
Let x(z) = -43*z**2 - 56*z - 3. What is x(-1)?
10
Let d(v) = -3*v**3 - 30*v**2 - 2*v - 66. Determine d(-10).
-46
Let s(p) = 2*p**2 - 15*p - 15. Calculate s(-12).
453
Let k(f) = 89*f + 27. What is k(-3)?
-240
Let x(n) = 4129*n - 66066. Determine x(16).
-2
Let i(l) = -19*l**2 - 40*l + 5. Give i(-2).
9
Let t(h) = h**3 - 12*h**2 - 20*h - 171. Calculate t(14).
-59
Let i(c) = 3*c**2 + 2*c + 20. Calculate i(-6).
116
Let g(x) = -x**3 - 24*x**2 - 99*x - 33. Determine g(-20).
347
Let a(l) = 220*l - 4168. Give a(19).
12
Let v(b) = -b**2 - 41*b - 367. What is v(-12)?
-19
Let l(d) = -135*d - 301. What is l(-2)?
-31
Let l(q) = -84*q - 8018. Determine l(-95).
-38
Let x(n) = 4*n + 79. Give x(-3).
67
Let d(y) = y**3 + 5*y**2 - 376*y - 2267. Determine d(-6).
-47
Let n(p) = -p**2 + 148*p - 1619. Determine n(12).
13
Let d(q) = 77*q + 1565. Determine d(-20).
25
Let a(t) = 50*t**3 + 249*t**2 + 3*t - 7. What is a(-5)?
-47
Let m(r) = -13*r + 25. Give m(-8).
129
Let z(u) = -u**3 + 8*u**2 + 43*u - 442. Give z(10).
-212
Let u(x) = -40*x + 928. Determine u(25).
-72
Let p(d) = 2*d**2 + 53*d - 37. Calculate p(-23).
-198
Let g(i) = 347*i - 5206. Determine g(15).
-1
Let q(o) = 16*o - 181. Calculate q(17).
91
Let h(r) = -2*r - 151. Determine h(-24).
-103
Let l(s) = -s**3 + 317*s**2 + 337*s - 6025. Determine l(318).
17
Let p(g) = 90*g - 5616. Calculate p(63).
54
Let b(x) = -x**3 - 14*x**2 + 4*x - 99. Determine b(-15).
66
Let w(r) = -154*r**2 + 466*r - 3. What is w(3)?
9
Let u(m) = m**2 + m - 258. Calculate u(-23).
248
Let v(n) = 7*n**2 - 38*n + 54. Give v(2).
6
Let a(u) = 3*u**2 + 122*u + 1034. Determine a(-12).
2
Let i(w) = 3*w**2 + 51*w - 1043. What is i(12)?
1
Let h(p) = p**3 - 8*p**2 - 2*p - 11. Calculate h(8).
-27
Let u(k) = -6*k**3 - 7*k**2 + 29*k + 32. Determine u(-1).
2
Let s(p) = 3*p**2 + 35*p + 49. What is s(-11)?
27
Let j(k) = k**3 + 19*k**2 + 11*k - 119. What is j(-18)?
7
Let y(i) = -3*i**3 - 17*i**2 + 14*i + 6. Determine y(-6).
-42
Let h(i) = 9793*i + 78335. Determine h(-8).
-9
Let m(l) = 4272*l - 12820. What is m(3)?
-4
Let i(q) = -q**3 - 54*q**2 + 19*q - 161. What is i(-54)?
-1187
Let m(q) = 23*q + 97. Give m(5).
212
Let v(i) = -31*i - 521. What is v(-16)?
-25
Let l(n) = -n**2 - 30*n + 96. Give l(-38).
-208
Let t(l) = -7*l**3 - 3*l + 1. Determine t(-2).
63
Let q(y) = -y - 208. Determine q(-26).
-182
Let l(j) = -j**3 - 11*j**2 - 102*j - 1365. What is l(-12)?
3
Let t(d) = 2*d**2 - 144*d + 121. What is t(71)?
-21
Let c(f) = -18*f - 71. Calculate c(3).
-125
Let q(t) = t**2 + 20*t + 63. Give q(-9).
-36
Let j(z) = -7*z + 41. Determine j(17).
-78
Let f(g) = 230*g - 14250. Give f(62).
10
Let x(a) = a**3 - 10*a**2 + 22*a + 12. What is x(7)?
19
Let i(n) = 73*n + 1018. What is i(-19)?
-369
Let a(u) = 50*u - 4045. Determine a(81).
5
Let n(u) = -4*u**2 + 29*u + 3634. Calculate n(34).
-4
Let n(y) = y**3 + 26*y**2 - 61*y + 1. Ca